it of (-7)/q*-7*348?
4
Suppose 3*d - 2*d = -5*f - 35, 5*f = -3*d - 55. What is the units digit of 5/d*-78 - -4?
3
Let k(s) = s**3 - 1275. Let v be k(0). Let o = 1940 + v. What is the tens digit of 2/6 + o/21?
3
Let y(w) = 114*w**2 - 265*w + 3240. What is the thousands digit of y(13)?
9
Let v(t) = -2*t**2 + 15*t + 5 + 17*t + 16. Suppose 47 - 32 = w. What is the tens digit of v(w)?
5
What is the hundreds digit of ((27558/(-12))/((-12)/2))/(1/12)?
5
Let m(y) = -10*y**2 + 11*y + 1. Let b(t) = 2*t**2 + t. Let v(f) = 3*b(f) - m(f). What is the hundreds digit of v(-3)?
1
Let c(h) be the third derivative of h**6/120 + 5*h**4/24 + 7*h**3/6 + h**2 - 31*h. What is the tens digit of c(7)?
8
Suppose -2*a - 3*p = -22231, a - 13479 + 2388 = 2*p. What is the ten thousands digit of a?
1
What is the units digit of 15022 - (11/(-3) - 96/288)?
6
Let d(y) = y**2 + 26*y - 312. Let h be d(-35). Suppose -h*r + 613 = 2*m - 2626, 3*r = -m + 1627. What is the tens digit of m?
1
Let y be -1*20/100*-25. Let b(a) = -48*a**2 - a. Let o be b(-1). What is the tens digit of o/((y - 8)/3)?
4
Suppose 40*b - 45*b + 37964 = -2*p, 0 = -3*b - 5*p + 22797. What is the thousands digit of b?
7
Suppose 0 = -173*t + 168*t + 45. Suppose t*j + 4674 = 15*j. What is the tens digit of j?
7
Let z(s) be the third derivative of -s**6/60 - s**5/5 - s**4/8 - 4*s**3/3 - 2*s**2. Let y = -73 + 66. What is the tens digit of z(y)?
1
Let d(h) = -h**3 + 51*h**2 + 104*h + 114. What is the units digit of d(52)?
8
Suppose 765*r = 764*r - 2259. Let u = 3287 + r. What is the hundreds digit of u?
0
Let a(w) = w**2 + 27*w + 31. Suppose 18*p + 104 = 14*p. Let y be a(p). Suppose 198 = y*h + 18. What is the units digit of h?
6
Suppose -44*t - 50 = -49*t. Let h(m) = 0*m**3 - m**3 + t*m**2 + 2*m**3 - 3 - 1 + 5*m. What is the hundreds digit of h(-7)?
1
Let p be 10*145*33/22. Suppose 4455 = 15*i - p. What is the tens digit of i?
4
Let s(n) = 7*n**3 + 3*n**2 + n + 9. What is the tens digit of s(13)?
0
Let u be (-1)/5 + 24/20 + -5. Let a be (-141)/(-13) - ((-24)/(-39))/u. Suppose -a*n = -6*n - 695. What is the units digit of n?
9
Let c = -58140 + 109576. What is the tens digit of c?
3
Suppose 20045 = 62*n - 57*n - b, -5*n + 20045 = -3*b. What is the thousands digit of n?
4
Let s(q) = 110*q - 295. Let k be s(6). Suppose 3*x - 559 = 2*v, -3*x - 3*v + 543 + 21 = 0. Let p = k - x. What is the hundreds digit of p?
1
Suppose 0 = -n - 3, u + n = -6 + 3. Suppose u = -5*k + 3*i - 237, 0*k + 4*i = -k - 29. Let r = k - -147. What is the tens digit of r?
0
Let v(y) = -3*y**2 - 19*y + 17. Let q be v(-8). Let h = 112 + q. What is the units digit of h?
9
Suppose 1418024 = 40*x + 270224. What is the tens digit of x?
9
Suppose -5*u = -2*p - 640, 20 = p + 3*p. Let k = -260 + u. Let q = -90 - k. What is the units digit of q?
0
Suppose -114*d + 4229549 + 1623523 = 8*d. What is the tens digit of d?
7
Let r = 20 - 4. Suppose 2028 = 3*q - 6*h + 3*h, r = -4*h. Suppose -4*w = 4*w - q. What is the units digit of w?
4
Suppose 0 = 9*g - 12*g + 4*v + 2071, 4*v = 2*g - 1386. What is the tens digit of g?
8
Let d(g) = -5037*g + 457. What is the ten thousands digit of d(-3)?
1
Let a be (-10)/(-4)*270/75. What is the tens digit of (-1123 - 1)/(a/((-27)/6))?
6
Let z = 51 - 49. Suppose 5*a + 0*a = -3*x + 1124, -z*a = -x + 360. What is the tens digit of x?
6
Let t(m) = -5*m**3 - 14*m**2 + 3*m + 93. Let o(s) = -s**3 + s**2 + s. Let a(h) = 6*o(h) - t(h). What is the hundreds digit of a(17)?
8
Let b(w) = -w**2 + 16*w + 98. Let j be b(-4). Suppose 26*m - 7392 = j*m. What is the units digit of m?
4
Let d(h) = 24*h + 4280. What is the units digit of d(44)?
6
What is the thousands digit of (-23977 + 482)*-1*1?
3
Suppose -z + 6905 = 2*s, s + 27592 = 4*z + 5*s. What is the tens digit of z?
9
Suppose 0 = 8*r + 5875 - 22435. What is the hundreds digit of r?
0
Let z(m) = 45*m - 193. Let p(u) = u**3 - 30*u**2 + 29*u + 15. Let t be p(29). What is the hundreds digit of z(t)?
4
Let a(d) = -d + 25. Let k be a(22). Let f(g) = -5*g**2 - g**2 + 10*g**2 - k - 11*g + 2. What is the tens digit of f(5)?
4
Suppose -85*z - 27627 = -4*d - 82*z, 0 = 2*d - 3*z - 13809. What is the hundreds digit of d?
9
Let v(a) be the first derivative of a**4/4 - 5*a**3/3 + 7*a**2/2 - 8*a + 12. Let f be v(4). Suppose -f*d = 2*d - 150. What is the units digit of d?
5
Suppose 180 = 4*h + h. Let w(v) = -12*v + 12. Let n be w(1). Suppose n = h*o - 31*o - 285. What is the tens digit of o?
5
Suppose -5*s + 5 = y, -3*s + 0*s + 3 = -2*y. Suppose -2*o - 3*h + 840 = y, 2074 = 5*o + 12*h - 11*h. What is the tens digit of o?
1
Suppose i = 2, -5*i + 15 = -6*s + s. What is the units digit of (-4512)/(-18) + ((-6)/(-9))/s?
0
Let c be -2*4*4/16. Let i be (-1799)/28 + c/(-8). Let k = i - -95. What is the units digit of k?
1
Suppose 83*u = 135*u - 64262 - 50242. What is the thousands digit of u?
2
Suppose 6*b = 24, 4*b = 3*z + 310 - 8085. What is the tens digit of z?
9
Let x be ((-24)/(-14))/(-12) - 632/(-14). What is the units digit of (-170)/(-1)*(-36)/x*-2?
2
Let w be (2*(3 + -2))/(-2). Let u(o) = -190*o**3 + 2*o + 2*o**2 + 496 - 40 - 454. What is the hundreds digit of u(w)?
1
Let v(q) = -8*q + 7*q**2 - 325 + 143 + 153. What is the hundreds digit of v(9)?
4
Suppose -s + 2 = 0, 2*p - 5*s = -2*p + 9230. Let d = 3650 - p. What is the hundreds digit of d?
3
Let d(y) = -22*y - 986. What is the units digit of d(-74)?
2
Let b(p) = -1855*p - 5502. What is the ten thousands digit of b(-9)?
1
Let a = 56 - 51. Suppose 4*k = 4*w - 8 - 4, 2*k - 15 = -a*w. Suppose -s + 2*s - 97 = -3*v, w*s - 5*v = 235. What is the units digit of s?
5
Let w(q) = 3205*q + 24. Let t be w(1). Suppose -3*a + 4843 = -28*g + 23*g, 0 = -2*a + 3*g + t. What is the tens digit of a?
1
Suppose 963268 + 1459172 = 54*p. What is the tens digit of p?
6
Let c(n) = n**3 + 19*n**2 + 33. Let l be c(-19). Let f = l - 32. What is the tens digit of (f + 7)*(-2 + (-68)/(-16))?
1
Let l(b) = -b**3 - 14*b**2 - 3. Let v be l(-14). Let s be 2 + 1 + v + (2 - 0). Suppose -2*q - q + 3*p + 381 = 0, -8 = s*p. What is the tens digit of q?
2
Let t = 1754 - 632. Let i = 1914 - t. What is the units digit of i?
2
Suppose 0 = -z + 3, -2115 = -11*h + 7*h - z. Suppose 84*l - h = 78*l. What is the tens digit of l?
8
Let p = -9392 + 14934. What is the hundreds digit of p?
5
Let h be 5*(3 + ((-36)/15 - 0)). Suppose 4*p + 4*v - 1884 = 0, h*p + 5*v + 0*v = 1421. What is the units digit of p?
7
Suppose -19*d + 6834 = -13*d. What is the hundreds digit of d?
1
Suppose 2*p + 3422 = 5*i - 9*p, -5*p + 15 = 0. What is the units digit of i?
1
Let p(u) = 22*u**3 + 8*u**2 + 2*u - 10. Let h be p(4). Suppose -3*l = -5*k + 2582, l = 3*k + 3*l - h. What is the units digit of k?
4
Let t(m) be the first derivative of -m**2/2 + 13*m + 4. Let b be t(7). What is the hundreds digit of 158 - (b - (2 - -2))?
1
Let b be 39/6 + (-57)/38. Suppose g = -b*p + 1079, 4*g = 2*p + 3495 + 843. What is the thousands digit of g?
1
Suppose -4*r + 4*z = -168792, 5*z + 8 = -12. What is the units digit of r?
4
Let p(w) = -4474*w - 1127. What is the tens digit of p(-2)?
2
Let i be (338/(-143))/13 - (-7396)/22. Let j(v) = 3*v**2 - 3*v + 1. Let t be j(2). Suppose -c + i = t*c. What is the units digit of c?
2
Suppose 4*w - 6 = -3*r, 0 = 4*r + 5*w - 4 - 4. Suppose -4*j = r*f - 0*f - 9348, -3*f = 0. What is the hundreds digit of (-4)/14 + j/21?
1
Let w be (-1)/(-3) - ((-123)/9 + 6). Let t(q) = q**3 - 5*q**2 + 29*q - 23. What is the tens digit of t(w)?
0
Let b = 23919 - -14290. What is the tens digit of b?
0
Suppose -12 = -3*o - 3*q + 4*q, 0 = -5*o + 2*q + 19. Let c(k) be the first derivative of k**3 - 3*k**2/2 + 5*k - 81. What is the units digit of c(o)?
5
Let g(i) = i**3 - 11*i**2 + 9*i - 13. Let a be (0 + 2)*(0 - 30/4). Let n be 110/a*(-3)/2. What is the tens digit of g(n)?
8
Suppose 4*k + 5*n = k + 153, -4*k + n = -181. Let v be (k/(-3) - 0)*-3. Suppose 0 = s + 10 - v. What is the tens digit of s?
3
Let u(h) be the first derivative of -h**4/4 + 3*h**3 + 13*h**2/2 - 24*h - 11. Let j be u(10). What is the units digit of -2 + 0 - (j + -30)?
2
Suppose -4*u = -x - 65700, 8*u - 4*x - 16455 = 7*u. What is the tens digit of u?
2
Suppose 0 = -3*w + 971 + 127. Let v = w - 155. What is the tens digit of v?
1
Let v = -49636 + 75776. What 